142*h - 1132. Give x(-8).
4
Let d(k) = -k**2 + 2*k + 1. Calculate d(5).
-14
Let x(s) = s**3 + 4*s**2 + 8*s - 1. Calculate x(-3).
-16
Let d(n) = 41*n. Calculate d(-1).
-41
Let r(q) = -2*q**2 + 50*q + 100. Determine r(27).
-8
Let a(q) = q**2 + 11*q - 24. What is a(2)?
2
Let b(a) = a**2 - a - 20. Determine b(5).
0
Let i(b) = b**2 - 3*b - 4. Give i(3).
-4
Let y(l) = -2*l**3 - 15*l**2 - 28*l - 2. Determine y(-5).
13
Let c(r) = 79*r - 322. Calculate c(4).
-6
Let l(q) = -3*q + 3. Calculate l(5).
-12
Let b(x) = x**3 - 24*x**2 + 23*x + 46. Give b(23).
46
Let m(r) = -5*r - 38. Give m(-10).
12
Let l(t) = t**3 - 3*t**2 + 3*t - 3. Calculate l(2).
-1
Let n(d) = d**2 + 7*d + 3. Calculate n(-2).
-7
Let l(s) = -26*s**3 - 2*s**2 - 2*s - 1. Calculate l(-1).
25
Let z(f) = -5*f**3 + 4*f**2 - 3*f + 5. What is z(3)?
-103
Let d(v) = -3*v + 42. Determine d(18).
-12
Let y(f) = -f**2 - 7*f + 2. Determine y(-8).
-6
Let y(a) = -8*a - 3. What is y(3)?
-27
Let i(f) = f**3 - 2*f**2 - 2*f - 1. Give i(3).
2
Let s(t) = t**2 - 10*t - 1. Give s(13).
38
Let j(h) = h**2 + 10*h + 10. Calculate j(-9).
1
Let t(v) = -11*v + 255. What is t(22)?
13
Let f(h) = -2*h**3 + 14*h**2 + 12*h + 28. What is f(8)?
-4
Let z(m) = 104*m**3 + m**2 - m - 1. Give z(-1).
-103
Let r(y) = y + 3. Calculate r(3).
6
Let g(f) = f - 15. Give g(8).
-7
Let f(t) = -7*t**2 - 6*t - 13. Determine f(-2).
-29
Let d(b) = -46*b**2 + 2*b - 1. Determine d(1).
-45
Let y(d) = -d**2 - 5*d + 43. Determine y(-9).
7
Let u(t) = 28*t - 750. Give u(27).
6
Let i(x) = 2*x**2 - 11*x - 104. What is i(-7)?
71
Let q(p) = 2*p**3 + 5*p**2 - 1. Determine q(-2).
3
Let z(d) = -d**2 - 17*d + 21. Determine z(-18).
3
Let g(z) = -z**3 - 6*z**2 - z + 4. Calculate g(-6).
10
Let d(b) = 84*b + 578. Give d(-7).
-10
Let y(a) = -a**3 - a**2 + 4*a - 3. Determine y(2).
-7
Let b(v) = -v**2 + 13*v - 9. What is b(13)?
-9
Let p(a) = -3*a**2 + 32*a + 4. Calculate p(11).
-7
Let b(p) = -p**3 + 5*p**2 + 13*p + 11. Give b(7).
4
Let x(o) = -o**3 + 9*o**2 - 2*o. Give x(8).
48
Let v(c) = c**2 + 9*c + 13. Determine v(-6).
-5
Let b(h) = -h**3 + 33*h**2 - 31*h - 36. Calculate b(32).
-4
Let o(d) = -d**3 - 10*d**2 + 11*d + 5. Determine o(-11).
5
Let r(f) = f**3 - 6*f**2 + f - 6. Give r(7).
50
Let a(l) = l**3 + 2*l**2 - 7*l - 8. Determine a(-6).
-110
Let z(j) = 9*j + 53. Give z(-6).
-1
Let g(h) = -h**2 - 6*h + 3. Calculate g(-5).
8
Let p(l) = -5*l + 18. Give p(-4).
38
Let i(w) = -7*w**3 + 4*w + 4. Give i(-2).
52
Let c(y) = -y**2 + y + 22. Calculate c(0).
22
Let l(b) = -b**2 + 31*b - 12. Give l(31).
-12
Let n(l) = l**2 + 6*l - 16. Give n(-3).
-25
Let z(q) = -2*q**2 + 26*q + 65. Determine z(15).
5
Let q(i) = -3*i + 84. Determine q(29).
-3
Let x(g) = 2*g**3 + 22*g**2 - 24*g + 8. Give x(-12).
8
Let u(n) = -n**3 - 32*n**2 + 33*n + 21. What is u(-33)?
21
Let k(i) = 4*i**2 + 6*i + 5. What is k(5)?
135
Let p(g) = -g**3 - 7*g**2 - 4*g + 3. What is p(-6)?
-9
Let a(y) = y**2 + 7*y - 31. Give a(-9).
-13
Let x(q) = 16*q**3 - q**2 + 2*q + 2. Determine x(-1).
-17
Let k(w) = -w**2 + 5*w. Calculate k(3).
6
Let s(o) = 6*o - 123. Give s(21).
3
Let w(s) = -s**2 - 27*s - 124. Calculate w(-5).
-14
Let f(h) = h**3 + 5*h**2 - 6*h - 1. Give f(-6).
-1
Let l(j) = -3*j**2 - 2*j - 3. Determine l(-2).
-11
Let i(x) = x**2 - 4*x + 13. Calculate i(4).
13
Let u(z) = -4*z**3 - 2*z**2 + 3*z - 2. Calculate u(1).
-5
Let b(m) = 3*m + 34. Give b(-14).
-8
Let s(c) = 2*c + 13. Give s(-5).
3
Let f(z) = -2*z - 64. Determine f(-29).
-6
Let k(j) = j - 3. What is k(15)?
12
Let o(w) = 4*w**2 + 75*w + 50. Calculate o(-18).
-4
Let j(s) = -2*s**2 - 12*s - 31. Calculate j(-4).
-15
Let q(t) = 2*t**3 + 20*t**2 + t + 9. Give q(-10).
-1
Let d(v) = v**3 - 16*v**2 + 33*v - 14. Determine d(14).
56
Let i(k) = -k**2 - 3*k - 5. Determine i(8).
-93
Let r(k) = 17*k - 58. Give r(3).
-7
Let p(b) = 5*b - 7. Give p(9).
38
Let i(n) = n - 13. Calculate i(-17).
-30
Let x(z) = -z**3 - 5*z**2 + 5. Give x(-5).
5
Let v(y) = -y**3 - 8*y**2 + 19*y + 8. Give v(-10).
18
Let x(b) = b**3 + 15*b**2 + 3*b + 20. Calculate x(-15).
-25
Let k(u) = u**2 + 6*u. Give k(-4).
-8
Let q(w) = 2*w - 33. What is q(12)?
-9
Let b(o) = -o**2 + 2*o - 4. What is b(5)?
-19
Let a(r) = -r**2 - 13*r + 84. Calculate a(-20).
-56
Let o(i) = i - 134. Calculate o(16).
-118
Let a(b) = -65*b**2 + 4*b + 3. Determine a(-1).
-66
Let l(f) = f**3 - f**2 + 72*f - 71. Determine l(1).
1
Let i(b) = 7*b + 36. Determine i(-7).
-13
Let b(i) = -i**2 + 4*i + 1. Calculate b(5).
-4
Let x(h) = -h + 8. Give x(6).
2
Let u(m) = -m**2 + 7*m - 4. Give u(7).
-4
Let u(k) = 4*k + 18. Calculate u(-14).
-38
Let a(v) = v**2 + 7*v - 1. Calculate a(-7).
-1
Let d(t) = 2*t**2 + 4*t - 4. Give d(4).
44
Let g(q) = -4*q - 16. What is g(-3)?
-4
Let n(t) = t + 49. Calculate n(20).
69
Let y(h) = h**2 - 19*h + 29. What is y(13)?
-49
Let k(q) = -q**2 - 14*q - 7. Give k(-13).
6
Let s(w) = 66*w + 1256. Calculate s(-19).
2
Let c(q) = -4*q - 12. Calculate c(-9).
24
Let u(c) = c**2 - 9*c + 26. What is u(7)?
12
Let j(a) = -3*a**2 + 10*a + 7. Calculate j(5).
-18
Let z(g) = -4*g**2 - 220*g + 5. Give z(-55).
5
Let b(m) = 76*m**2. What is b(-1)?
76
Let q(f) = f**3 + 5*f**2 - 5*f + 2. Determine q(-6).
-4
Let p(z) = -z**3 - z**2 + 3*z + 2. Determine p(-3).
11
Let t(v) = v**3 + 12*v**2 + 18*v + 25. Give t(-11).
-52
Let q(v) = -v**2 + 14*v + 15. What is q(12)?
39
Let k(t) = -t**3 - 7*t**2 + 15*t + 51. Give k(-8).
-5
Let n(k) = -k**2 - 10*k + 40. What is n(-11)?
29
Let s(m) = 6*m + 1. Give s(-6).
-35
Let g(c) = -c**2 - 18*c - 16. Determine g(-17).
1
Let f(u) = 2*u**2 - 48*u - 65. Determine f(24).
-65
Let f(r) = -3*r + 1. Determine f(2).
-5
Let c(n) = -3*n + 24. What is c(8)?
0
Let p(a) = -a**3 + 23. Determine p(0).
23
Let b(u) = -2*u + 68. Calculate b(6).
56
Let u(x) = -x**3 + 27*x**2 - 44*x - 2. Give u(2).
10
Let z(t) = -4*t + 31. Give z(9).
-5
Let n(h) = 3*h + 142. Determine n(-38).
28
Let w(l) = 7*l - 14. Give w(3).
7
Let j(k) = -k**2 - 8*k + 47. Calculate j(-11).
14
Let v(m) = 2*m**2 + 33*m + 132. Determine v(-7).
-1
Let y(z) = z**2 + 6*z - 4. What is y(-6)?
-4
Let i(p) = p**3 + 16*p**2 - 11*p + 100. Calculate i(-17).
-2
Let q(v) = -8*v. Determine q(-2).
16
Let k(y) = -2*y**3 + 13*y**2 - 9*y + 2. What is k(6)?
-16
Let i(u) = u**2 + 2*u - 4. Give i(-3).
-1
Let t(v) = 6*v + 19. Determine t(6).
55
Let f(r) = -2*r + 3. Give f(-16).
35
Let s(p) = -6*p. Determine s(1).
-6
Let k(d) = 4*d - 10. Determine k(2).
-2
Let a(l) = -2*l**3 - 21*l**2 + 12*l - 1. Calculate a(-11).
-12
Let z(g) = -6*g + 17. Calculate z(-3).
35
Let y(p) = -58*p - 6. Give y(0).
-6
Let y(m) = -12*m + 8. Calculate y(-6).
80
Let v(n) = -n**2 + 7*n - 11. What is v(5)?
-1
Let h(v) = 9*v - 14. Give h(-8).
-86
Let q(k) = k**2 + 3*k. Calculate q(-3).
0
Let t(a) = a**3 + 8*a**2 + 2*a + 10. Determine t(-8).
-6
Let x(o) = 13*o**2 + 131*o - 7. Give x(-10).
-17
Let t(y) = 7*y**3 - 2*y + 1. What is t(1)?
6
Let t(h) = 3*h + 33. Determine t(-9).
6
Let d(t) = -2*t**3 + 24*t**2 + 7*t - 5. Give d(12).
79
Let l(a) = a**3 + 2*a**2 - 10*a + 8. Determine l(-5).
-17
Let m(c) = 11*c - 12. What is m(4)?
32
Let y(f) = f**2 - 14*f - 13. Determine y(14).
-13
Let d(j) = j**3 - 6*j**2 - 3*j + 5. Determine d(5).
-35
Let q(z) = -7*z - 38. Calculate q(-5).
-3
Let v(b) = b + 31. Calculate v(-26).
5
Let c(b) = -2*b**3 + 5*b**2 - 4*b + 1. Determine c(3).
-20
Let u(b) = 22*b**3 - 8*b**2 - 7*b + 1. Calculate u(1).
8
Let v(r) = r**2 - r - 8. Calculate v(6).
22
Let x(d) = -12*d**3 + d**2 - 2*d + 1. Determine x(1).
-12
Let w(m) = -m**2 - 11*m + 2. Calculate w(-6).
32
Let h(s) = -s**2 + 2*s + 197. Determine h(15).
2
Let x(p) = 4*p + 8. Calculate x(-2).
0
Let s(q) = -q**2 - 7*q + 15. What is s(-8)?
7
Let d(t) = 53*t**2 + t. Give d(1).
54
Let r(i) = -i**3 + 8*i - 17. Calculate r(3).
-20
Let g(j) = j**2 - 13*j + 9. Calculate g(13).
9
Let b(p) = p - 13. Give b(7).
-6
Let l(o) = o**3 - 15*o**2 + 52*o + 18. Determine l(9).
0
Let g(v) = -7*v**3 - 3*v**2 - 2*v. Give g(-1).
6
Let c(r) = r**2 + 4*r + 5. Determine c(-5).
10
Let y(s) = 3*s**2 + s + 1. Determine y(-1).
3
Let m(j) = 17*j + 7. Give m(9).
160
Let t(w) = w**2 + 7*w + 5. Give t(-3).
-7
Let v(f) = -f**3 + 6*f**2 + 3*f - 5. Calculate v(6).
13
Let t(i) = 3*i - 59. Give t(0).
-59
Let x(v) = -v**3 + 8*v**2 - 13*v + 7. What is x(6)?
1
Let j(y) = -10*y - 19. Determine